5)). Let o(d) = d**2 + 2*d + 12. Let b be o(u). Suppose 3*c - 121 - b = 0. What is the units digit of c?
6
Suppose -4*b + 5*a = -0*b - 91, b - 28 = 3*a. Suppose 5*x - 48072 = -b*x. What is the thousands digit of x?
2
Suppose 3*a + 5*m = 26, -2*a + 5*m + 0 - 16 = 0. Let o be 11*(-2 + 1)*-17. Suppose -a*c - 3*q = -3*c + o, c - 2*q = 188. What is the hundreds digit of c?
1
Let g(a) = a**3 + 46*a**2 + 55*a + 135. Let b be g(-44). Let h = b + -355. What is the hundreds digit of h?
2
Let o be (8/(-14))/(2/(-14)). Let c = 87 + -82. Suppose 3*w - 2*b = 34, 3 + 4 = o*w + c*b. What is the units digit of w?
8
Let g be (2/1)/(1/(-12)). Let f be 40/140 + g/(-14). Suppose -259 - 9 = -f*b. What is the hundreds digit of b?
1
Let b be 7/(42/12) - (1 - -3). What is the tens digit of ((-15)/(-50)*-2)/(b/1510)?
5
Let v = -7272 - -8301. What is the hundreds digit of v?
0
Suppose -5*f - 3 = -13, 5*s + 2*f - 31789 = 0. What is the thousands digit of s?
6
Let v(x) be the first derivative of 4*x**3/3 - 15*x**2/2 + 143*x + 87. What is the units digit of v(9)?
2
Suppose y - 59*y = 0. Let s be (-2)/(-4)*0/(-2). Suppose s = 5*k - y*q + 4*q - 332, -5*q = -15. What is the tens digit of k?
6
Suppose 107*h + 61*h - 2419032 = 0. What is the tens digit of h?
9
Let m(k) = 2 + 7*k - 15 + 5*k + 17*k. Suppose 18*d - 30 = 8*d. What is the units digit of m(d)?
4
Suppose 0 = -f - n - 1, 5*f - 5*n + 0 = -15. What is the tens digit of 211575/186 + f/(-4)?
3
Suppose 0 = 70*m - 71*m - w + 24173, 0 = 3*m + 2*w - 72512. What is the thousands digit of m?
4
Let k(z) = 1237*z + 1720. What is the hundreds digit of k(4)?
6
Let a be (1 + 71)*192/18. Suppose a = v - 4*v. What is the units digit of (1 + v)*(-4)/12?
5
Let w = 1203 + -527. What is the tens digit of w/39*(234/8 - -3)?
5
Suppose 5*v = -3*i + 1055, -v = -i + 3*v + 329. Let a = i - 205. Let g = 23 + a. What is the hundreds digit of g?
1
Let i(t) = 4 + 6*t**2 + t**3 - 18*t + 2*t**2 + 14*t. Let h be i(-6). Suppose -g - 100 = -3*k + g, 4*k + 4*g - h = 0. What is the units digit of k?
0
Suppose -3*p - 5*m = -105, 2*m = 2*p + 7*m - 75. Let n = p - -10. Let t = n + -36. What is the units digit of t?
4
Let r be (-1)/(-3) - (-144)/54. Suppose t + 2 = -0*t + 2*j, -3*t + r*j = -9. What is the tens digit of (-26)/t*(8 - 12)?
1
Suppose -3*u - 4*u = -77. Suppose -29 = -3*f - u. Suppose 10*h = f*h + 488. What is the units digit of h?
2
Suppose -w = -11*w + 26470. Let a = w + -1828. Suppose -a = -5*g - v, v - 1 + 2 = 0. What is the tens digit of g?
6
Let n = -40 - -138. Suppose -v + n = 13*v. What is the units digit of v?
7
Suppose -20 = -16*u + 11*u. Suppose -u*f - h + 5113 = 0, -11*f - 4*h = -13*f + 2552. What is the hundreds digit of f?
2
Let j = -6 + -40. Suppose 2*z + n + 180 = 0, -47*n = 4*z - 46*n + 358. Let k = j - z. What is the units digit of k?
3
Let c be (-11)/(-110) - (-2505)/(-50). Let t be 0 - (3 + 2) - 0. What is the units digit of 5/(c/(-916)) + (-2)/t?
2
Let c(k) = -159*k + 15 - 4 + 6*k**2 + 198*k. What is the units digit of c(-7)?
2
Let n = -23742 + 45011. What is the hundreds digit of n?
2
Let p(r) = r**3 - 3*r + 62. Let l(k) = -k - 6. Let f be l(-8). Let j be 16/((-8)/f) + 4. What is the units digit of p(j)?
2
Let l be (-3 + 0)/(21/(-14)). Let c be (l/3 - 1/6)*6. Suppose c*s - 2*u = 175, 2*s - 5*u + 140 = 5*s. What is the tens digit of s?
5
Let f = -130 - -101. What is the tens digit of 1352/10 + f/145?
3
Suppose -174478 - 153502 = -45*r + 46735. What is the units digit of r?
7
Let y be 10078/16 + (-4)/32*-1. What is the tens digit of (y/54)/((-1)/(-9))?
0
Let s = 160 - 154. Suppose -163 = -s*l + 803. What is the units digit of l?
1
Let m = 546 - 541. Suppose -4*s + 5*y = -5054, m*s + 1091 = -2*y + 7425. What is the tens digit of s?
6
Let y = 4057 - -30482. What is the ten thousands digit of y?
3
Let g = -17176 + 39910. What is the tens digit of g?
3
What is the hundreds digit of (5*1)/((-14)/(784/(-70))) + 6095?
0
Suppose -4*g + 13*g - 6*g = 8361. What is the units digit of g?
7
Let x(h) = 10*h**2 + 4*h - 3. Let b(a) = 10*a - 16. Let c be b(5). Let y = c + -39. What is the hundreds digit of x(y)?
2
Let n = -210 - -294. Let v = n + 26. Suppose 4*r + 18 = v. What is the units digit of r?
3
What is the tens digit of (6/(-5))/((-350545)/(-38950) - (6 + 3))?
4
Let v = -34 + 7038. What is the thousands digit of v?
7
Let d be (0 + 12/8)*-1042. Let o = d - -2317. What is the units digit of o?
4
What is the tens digit of 2/((-2 - -3)*((-74654)/(-24884) - 3))?
8
Suppose 55*a = 660392 + 1627883. What is the hundreds digit of a?
6
Suppose -4*q + 19333 = -423*r + 426*r, 3*r + 19315 = 4*q. What is the thousands digit of q?
4
Let d = 8546 - 8195. Suppose -753 = -3*l + 6*l. Let a = d + l. What is the tens digit of a?
0
Let u(b) = -b**3 - 9*b**2 + 3*b + 25. Let r be u(-10). What is the hundreds digit of (-418)/r*(-44 - 1)?
1
Let n = -172 - -749. Suppose r + 76 = 2*z + n, 4*r = -5*z + 2030. What is the units digit of r?
5
Let z = 1368 + -15. Suppose 4*x - z = b, 1660 = -x + 6*x + 5*b. Let r = -233 + x. What is the tens digit of r?
0
Let t(s) = 6*s - 55. Let i be t(10). Suppose 137 = -i*r + 772. What is the units digit of r?
7
Suppose 5*h - x = 259 + 64, h - 5*x - 55 = 0. Suppose 5*a = a + 176. Suppose -s + a = -h. What is the hundreds digit of s?
1
Let x = 32 + -32. Let d be 11 + x*(-5)/25. Let b(z) = 8*z - 6. What is the tens digit of b(d)?
8
Let s = 45281 - 31362. What is the tens digit of s?
1
Let r(a) = 883*a**2 + 143*a + 759. What is the hundreds digit of r(-6)?
6
Let w(g) be the second derivative of -4*g**5 - g**4/12 - g**3/3 + g**2/2 + 44*g. What is the hundreds digit of w(-2)?
6
Suppose -4*o + 3184 = 2*d, -4*d - 3678 = -2*o - 10096. Suppose -4*r + 726 = -d. What is the tens digit of r?
8
Let j(a) = -2*a**3 - 4*a**2 - 3*a - 3. Suppose 0 = -3*g - 2*s, 3*g - 9 = -9*s + 4*s. Let v be j(g). What is the units digit of (v/(-2))/(4/120*-3)?
5
Let w(l) = 72*l - 19. Let p be w(1). Suppose 0 = p*v - 52*v - 382. What is the hundreds digit of v?
3
Let j(i) = -3*i**2 + 63 + i**2 - 71 - 30*i. Let m be j(-15). What is the units digit of (-3)/(-12) - 1246/m?
6
Suppose -2*q + 624 = v - 7*q, -4*v - q = -2475. Let i = -32 + v. What is the units digit of i?
7
Let k = 390 + -227. Suppose 9*j - k = 1484. Let w = j - 87. What is the units digit of w?
6
Suppose 34*w - 76 = -4*v + 30*w, -2 = 2*w. Let r(p) = 10*p - 36. Let t(u) = -u - 1. Let k(a) = r(a) + 2*t(a). What is the units digit of k(v)?
2
Suppose 0 = 49*n - 829187 - 559473. What is the ten thousands digit of n?
2
Let o(f) = f - 54. Let r be o(25). Let a = r - -395. What is the hundreds digit of a?
3
Let d = -450 - -171. Let i = 695 - d. What is the tens digit of i?
7
Suppose -39187 = 3*q - 2*s - 102942, 2*q = -3*s + 42499. What is the ten thousands digit of q?
2
Let v(b) = -246*b**3 - 2*b**2 + 33*b + 110. What is the hundreds digit of v(-3)?
6
Let p = 747 - 737. Let m(c) = -2*c. Let k be m(-10). Suppose k*g = p*g + 560. What is the tens digit of g?
5
Suppose 19*l + 8535 = 4*c + 16*l, 4*l - 8556 = -4*c. Let p = -1274 + c. What is the units digit of p?
2
Suppose -q + 10 = 4*v, -2*v - 2 = 6*q - 2*q. What is the units digit of (-41)/((6/27)/q)?
9
Suppose -5295 = -22*p + 7179. Suppose -2*t - 38*m + p = -41*m, -3*t - 4*m = -859. What is the hundreds digit of t?
2
Suppose 56238 - 207003 = -5*s. What is the tens digit of s?
5
What is the ten thousands digit of 6/(-32) + (-81708495)/(-2640)?
3
Let c(p) = 2*p**3 - 2*p**2 - 21*p + 127. What is the units digit of c(17)?
8
Suppose -i + 5*i - 25 = -b, -5*b - 3*i = -40. Suppose 0 = -m - 0*m - 2*o + 970, 1895 = 2*m - b*o. What is the hundreds digit of m?
9
Let u = -52 - -50. Let o be 7*26/4*u. Let v = o - -127. What is the units digit of v?
6
Suppose -12*h = -163*h + 5955138. What is the ten thousands digit of h?
3
Suppose -264723 + 59043 = -30*f. What is the units digit of f?
6
Suppose -569*h + 634*h = 3692910. What is the units digit of h?
4
Let u = -20381 + 29187. What is the thousands digit of u?
8
Let h be 12/(75/(-42) - -2). Let b = 105 + -85. Let y = h - b. What is the units digit of y?
6
Let a(c) = c**2 + 19*c + 28. Let j be a(-17). Let r(v) = -v**2. Let w(d) = 7*d**2 - 24*d - 27. Let b(n) = j*r(n) - w(n). What is the units digit of b(22)?
1
Suppose -4*i + 18 =